2
Suppose j - 46 = 4*w + 69, 5*w - 5*j + 140 = 0. Let u = -8 - w. What are the prime factors of u?
3, 7
Suppose f + 2 = 3*r - f, 3*r - 8 = -f. What are the prime factors of r?
2
Let a = -1 + 6. Suppose -5*i + 115 + 47 = 4*v, 2*i = a*v + 78. What are the prime factors of i?
2, 17
Suppose 2*a - 96 = -6*a. What are the prime factors of a?
2, 3
Let m be (-147)/(-7)*1/1. Suppose -7*x - m = -8*x. List the prime factors of x.
3, 7
Let a(f) = f**2 - 2*f. Let t be (-2)/4*(0 + 0). Suppose b - 4 = -t*b. What are the prime factors of a(b)?
2
Let k(l) = -l + 12. Let j be 16/6*(-45)/(-12). Let a be k(j). Suppose a*f - 7 = -1. List the prime factors of f.
3
Suppose 5*p = -b + 21, -5*b = -4*b - 5*p - 21. Let o = -13 + 26. Let n = b - o. List the prime factors of n.
2
Suppose 5*l = -0*l + 45. Suppose 4*d = d + l. Let h = 8 + d. List the prime factors of h.
11
Let o(g) = g + 1. Let p be o(-1). Suppose 5*b + 3*j = 4*j + 13, p = 5*b - 4*j - 22. Suppose -b*n + 6 + 14 = 0. What are the prime factors of n?
2, 5
Let u(c) = c**3 - 4*c**2 - 5*c + 6. List the prime factors of u(5).
2, 3
Suppose -4*d = -173 - 19. What are the prime factors of d?
2, 3
Let u(i) = i - 7. Let a be u(0). Let p(h) = -2*h + 5. What are the prime factors of p(a)?
19
Suppose 5*g + 2*a - 502 = 0, 0*a = 2*g - a - 208. List the prime factors of g.
2, 3, 17
Suppose -w + 10 = 3*t, 2*t - 3*w = -2*w. Suppose 0*d + t*d = 10. Suppose -d*n = 4*c - 23, 3*n + 5*c = 4*n + 7. List the prime factors of n.
3
Let d = 0 + 0. Suppose d*z + 20 = 4*z. What are the prime factors of z?
5
Let g(t) = -t + 8. Let k be g(5). Suppose -6 = -k*c + 6. Suppose 1 = c*x - 83. What are the prime factors of x?
3, 7
Suppose 4*k - 504 = -4*q, 2*q = k - 0*k + 267. What are the prime factors of q?
131
Let z(t) = t**3 + 13*t**2 - 18*t - 19. What are the prime factors of z(-14)?
37
Suppose 5*f + 61 + 9 = 0. Let l be 35/f + 1/2. List the prime factors of l/(3/((-9)/2)).
3
Let p = -24 - -15. Let u(n) = n**3 + 9*n**2 + 3. What are the prime factors of u(p)?
3
Let a(o) = 6*o + 7. List the prime factors of a(13).
5, 17
Let x(w) = w**3 - 7*w**2 + 5*w + 7. Let g be x(6). Let r(t) = 8*t**3 - t**2 - t + 1. List the prime factors of r(g).
7
Let y be 79/3 - 4/(-6). Let s = -13 + y. What are the prime factors of s?
2, 7
Suppose 0 = -y - y + 10, -5*o = -5*y - 515. List the prime factors of o.
2, 3
Let q be -1*(0 - (1 + 1)). Suppose 5*j - 16 = -2*n, -q*j - 7 - 19 = -n. List the prime factors of n.
2, 3
Suppose 30 = -0*t + 6*t. Let m = -7 + 10. Suppose m*i - 16 = t. What are the prime factors of i?
7
Let b(z) = -5*z**3 - 7*z**2 - 2*z - 4. Let d(g) = 6*g**3 + 8*g**2 + 3*g + 5. Let f(w) = -5*b(w) - 4*d(w). List the prime factors of f(-3).
2, 3
Let y(l) = -l**3 - l**2 - 1. Let q be y(-2). Suppose 0 = g - 2*o - 11, q*g + 5*o + 16 - 49 = 0. What are the prime factors of g?
11
Suppose 3*d = -d + 12. Suppose -d*t + 14 + 37 = 0. What are the prime factors of t?
17
Suppose 0 = -2*f + 3*l + 324, -2*l + 1 = 5. What are the prime factors of f?
3, 53
Let v(x) = 4*x - 1. Let d be v(1). Suppose -4*f - 4*r = -8, 4*f - 7 = -d*r + 4. List the prime factors of f.
5
Let y = -407 - -703. List the prime factors of y.
2, 37
Suppose -17 = -4*n + 55. List the prime factors of n.
2, 3
Let r be (-2)/(-4) + 9/6. Suppose d - 27 = -r*d. Suppose 3*v - d = -3*w, 8 = 2*v + v + 4*w. List the prime factors of v.
2
Let n(m) = -m**2 - 8*m - 11. Let f be n(-6). Suppose -2 = 2*k, -7*k + 3*k = 3*c - 5. Suppose -c*d - f = -37. What are the prime factors of d?
2, 3
Suppose 1 = 3*l - 5. Suppose 2 = -l*y - 2. List the prime factors of (2/6)/(y/(-60)).
2, 5
Suppose 2*a + 8*a - 810 = 0. List the prime factors of a.
3
Suppose 5*d + 33 = -7. What are the prime factors of 2 - (-3 - -2) - d?
11
Let w(m) = -m**3 + 2*m**2 - 2. Let d be w(2). Let s be -1 + 0 + -1 + d. Let b(a) = -a**2 - 8*a - 4. List the prime factors of b(s).
2, 3
Let o(j) = j**3 + 5*j**2 + 3*j + 1. Let h(d) = -10 - 4*d + 3*d + 2*d. Let m be h(6). What are the prime factors of o(m)?
5
List the prime factors of -5 + (-1386)/(-12) + (-1)/2.
2, 5, 11
Let c(t) = t**3 - 3*t**2 + 5*t - 3. List the prime factors of c(3).
2, 3
What are the prime factors of 0 - 1 - 2 - -231?
2, 3, 19
Let t = -19 + 58. What are the prime factors of t?
3, 13
Let z be (-12)/10*5/(-1). Let v = z - -7. What are the prime factors of v?
13
Let r(s) = s - 1. Let u be r(5). Suppose -3*j = -4*o - 87, u*o - 34 = -5*j + 111. Let t = j - 20. What are the prime factors of t?
3
Let s = 0 - 0. Let b = 4 - s. Suppose 4*o - 28 = -b*i, -17 = -i + o - 4. List the prime factors of i.
2, 5
Let i = -58 + 90. Suppose g - i = -12. What are the prime factors of g?
2, 5
List the prime factors of 8/20 - 176/(-10).
2, 3
Let g be (1 - -3)*(-2 + 1). Let v(t) = t**3 - t**2 + t + 1. Let f(d) = 3*d**3 - 3*d + 4. Let p(y) = -f(y) + 2*v(y). What are the prime factors of p(g)?
2, 5
Let h = -52 + 124. What are the prime factors of h?
2, 3
Suppose -4*m + 4*k = -296, -5*k + k - 365 = -5*m. List the prime factors of m.
3, 23
Suppose -5*a + 4*x + 449 = -321, -5*a - 4*x = -810. List the prime factors of a.
2, 79
Let m be ((-6)/(-10))/((-3)/(-15)). Suppose -37 = m*u - 106. List the prime factors of u.
23
Let f = -45 - -31. What are the prime factors of 14*(-1)/(f/4)?
2
Let v(b) = 236*b**2 - 4*b - 5. List the prime factors of v(-1).
5, 47
Let f = 44 - 4. What are the prime factors of f?
2, 5
Let q = -2 + -8. Let g = 6 - q. Let h = g + 6. List the prime factors of h.
2, 11
Suppose 0*l = 4*l - 4*u - 392, -2*l + 5*u = -211. List the prime factors of l.
3, 31
Let w(p) = 2*p**2 - 6*p + 5. Let c(z) = z**3 + z**2. Let b be c(-1). Suppose b = 2*i - 6, -5*u + 3*i + 10 + 1 = 0. List the prime factors of w(u).
13
Let x(y) = 20*y + 17*y + y**2 - 32*y + 4. What are the prime factors of x(-10)?
2, 3
Suppose -3*q + 2*q + 15 = 0. Suppose 6*i = i - q. List the prime factors of -1*(3/i + -6).
7
Let d(r) = 8*r. Let h be d(5). Let b be (-1 - -3) + 3 + 0. Suppose 2*x - 46 = -b*w, -5*w - 3*x - 2*x + h = 0. What are the prime factors of w?
2, 5
Let z = -29 - -83. List the prime factors of z.
2, 3
Let o(g) be the third derivative of -1/24*g**4 - 1/12*g**5 + 0 + 5/6*g**3 + 0*g - 1/120*g**6 - 3*g**2. What are the prime factors of o(-5)?
2, 5
Suppose -3*m + 1 = -2*m. Suppose 0 = 3*c - m - 11. Suppose c*t = 5*t - 4. List the prime factors of t.
2
Let s(x) = -x**2 - 23*x - 26. List the prime factors of s(-17).
2, 19
Suppose 100 = -17*y + 22*y. List the prime factors of y.
2, 5
What are the prime factors of (-40)/(-16)*(-536)/(-10)?
2, 67
Let x(w) = w**2 - 6*w - 5. Let d(i) = i**3 + 7*i**2 + 3 - i**2 + 4. Let b be d(-6). What are the prime factors of x(b)?
2
Suppose 0 = k - 0*k - 76. Let u = -36 + k. List the prime factors of 18/(-15)*u/(-6).
2
Suppose -2*j + 42 = j - 3*d, -5*j + 4*d + 73 = 0. What are the prime factors of j?
17
List the prime factors of 3333/9 - 3*6/(-27).
7, 53
Suppose -u - 5 = 5*g - 3, -3*g = 3*u - 6. Let o(a) = 2*a - 2. Let c be o(u). Let q(h) = -h**3 + 5*h**2 - 2*h + 4. What are the prime factors of q(c)?
2, 3
Let k be (-3)/(-2 - (-156)/76). Let u = -37 - k. List the prime factors of u.
2, 5
Suppose 2 = 4*x - 14. Suppose 6*a - x*a = 20. List the prime factors of (a/6)/(2/12).
2, 5
Suppose 12 = -4*v, -g = 2*g + 4*v + 6. Suppose 3*t + g*u = 16, -2*t + 17 = -0*t - 5*u. List the prime factors of t.
2, 3
Let w = -29 - -31. What are the prime factors of w?
2
What are the prime factors of (-3 - -3)/5 + 3?
3
Let g = 2 - -1. Suppose 28 = o - 4*a, a - g = -2*o + o. List the prime factors of o.
2
Let x(f) = -f**3 - 8*f**2 - 9*f + 6. Let z be x(-7). Suppose -z = -w + 2*h, 0*h + 2*h - 68 = -3*w. What are the prime factors of w?
2, 11
Let m(d) = -d**2 + 10*d - 12. Let j be m(8). Suppose -12 = j*h - 0. Let f = -1 - h. What are the prime factors of f?
2
Suppose 0 = f - 32 - 5. Let i = -10 + f. List the prime factors of i.
3
Let o be (-25)/(-6) + 2/(-12). Suppose -3*r + t - 7 = -3*t, -5*r - t - o = 0. What are the prime factors of (r - 0) + (4 - 1)?
2
Suppose -q = 4*q - 120. What are the prime factors of q?
2, 3
Suppose -a + 279 = b, 6*a = 3*a - 5*b + 837. What are the prime factors of a?
3, 31
Let a = 364 + -208. What are the prime factors of a?
2, 3, 13
Suppose 141 = i + 32. List the prime factors of i.
109
Suppose 0 = -0*q